-3*s, g = -a*s + 236. Is g a prime number?
True
Suppose 4*n - 29 + 17 = 0. Suppose -n*i = 2*i - 1715. Suppose 6*z - 947 - i = 0. Is z a prime number?
False
Let v = -20069 + 44428. Is v composite?
False
Let h(z) = -6584*z**3 - 2*z**2 + z + 2. Is h(-1) composite?
True
Suppose -395*i + 18582 = -389*i. Is i a prime number?
False
Suppose 26*k = 2*j + 21*k - 88162, j + k = 44067. Is j a prime number?
True
Suppose 3*c = -5*q + 20, q + 4*q = 3*c + 50. Suppose -6 = -4*a + q*a. Is (a/10)/(4/(-940)) composite?
False
Suppose 13*j - 10*j = 5*y - 103051, -5*y + 103049 = -2*j. Is y a composite number?
True
Is (-3 + (-260)/(-3))/((-2)/(-1002)) prime?
False
Suppose -3*k - 46 = -4*k. Let i = 468 - k. Is i a composite number?
True
Is -23007*((-102)/(-72) + (-63)/36) a composite number?
False
Let b = 13097 + -9250. Is b composite?
False
Suppose -2*s = 45*s - 89629. Is s a composite number?
False
Let o be -1*(4 + -2)*-1. Suppose -o*k + 7*k = 3*l + 2, 2*k = -4*l + 6. Suppose -4*x - 4*h + 592 = 0, l = -h - 0. Is x a prime number?
True
Let r(g) = 6*g + 26. Let u be r(-4). Suppose -n = u*n + 6, -h - n + 159 = 0. Is h composite?
True
Suppose -16*k + 12*k = 16. Is (-2 - 5*-33) + (k - -4) prime?
True
Suppose 54*z - 5919 = 51*z. Is z composite?
False
Let t(p) = -15*p - 161. Let w(a) = 3*a + 32. Let x(k) = -2*t(k) - 11*w(k). Let j be x(-17). Suppose -18*d = -j*d + 1905. Is d a prime number?
False
Let u(k) = -k - 7. Let s be u(-3). Let d = -9 + 7. Is d*(846/s - -3) a composite number?
True
Let x = -65 + 70. Suppose 2*s - 2328 = -4*z, x*z - 10*s - 2897 = -6*s. Is z a composite number?
True
Suppose 4*d - v - 15 = 6, 19 = 3*d - 4*v. Suppose -o = -4*i - 578, o + 101 = d*i + 674. Suppose 4*x - o - 574 = 0. Is x prime?
True
Suppose -1644 = 3*o + 3*d, 2*d - d = -4*o - 2201. Let z = -178 - o. Is z a prime number?
True
Let i = -35 - -40. Suppose -3*n = -n - 5*c - 35, -4*n + 75 = -i*c. Suppose n = -5*g, -2*g = 3*p - g - 1901. Is p a prime number?
False
Suppose 4*g = -5*r + 60895, 0*r - 5*g - 60895 = -5*r. Is r a prime number?
False
Suppose 4*p + 15800 - 91116 = 0. Is p prime?
False
Suppose -4*l = 4*r - 75588, -12*l + 11*l - 2 = 0. Is r prime?
True
Let c(w) = w**2 - 12*w - 47. Let j = 79 - 59. Is c(j) a composite number?
False
Let j(d) = 2*d - 3 + 10 + 17*d**2 - 7. Is j(3) prime?
False
Let i(j) = -105*j - 1. Let q be 0/3 + 1 - 13. Is i(q) prime?
True
Suppose 4 + 3 = -v. Let u = v - -9. Suppose -u*y + y + 203 = 0. Is y a prime number?
False
Suppose -7*w = -6*w - 5, -3*f = w - 23492. Is f a prime number?
True
Suppose -7*f = -10*f. Suppose -6*l = -4*j - l + 278, f = j - 5*l - 77. Suppose -5*d = -2*p + 228, -373 = -4*p + 2*d + j. Is p a composite number?
False
Let p = -102 + 484. Is p a composite number?
True
Let t = -503 - 54. Let d = 212 - t. Is d prime?
True
Suppose -2*i + 5559 + 11279 = 0. Is i prime?
True
Suppose 0 = 124*d - 128*d + 23116. Is d composite?
False
Let q(s) = 96*s - 65. Is q(9) prime?
False
Let v(k) = k + 7. Let x be v(-3). Is ((-3)/x)/3 - 1017/(-4) a composite number?
True
Let c = -22 - -26. Suppose -4*s = c*i - 64, -68 = -5*i + s - 3*s. Is (-2426)/(-1)*i/24 composite?
False
Let y = -189 + -550. Let w = 2162 + y. Is w composite?
False
Let z(j) = -2*j - 14. Let x be z(0). Is (-33450)/x - (-16)/(-56) a prime number?
True
Let l be 2 + (-1 - 0) - -23. Suppose 5*s + 5*z = 20, -3*z + l = -0*s + 5*s. Is s composite?
True
Let g be (4 - -2) + (-6)/2. Suppose g*v = 5*v. Suppose v*h = 2*h - 76. Is h a composite number?
True
Let u(x) = 14526*x - 61. Is u(4) a prime number?
True
Let v = 81 + -144. Let x = v + 274. Is x composite?
False
Let i(l) = 297*l - 58. Is i(15) a prime number?
True
Suppose -7264*l = -7262*l - 100718. Is l a composite number?
False
Let f(c) = -52*c + 16. Let a(z) = z. Let g(u) = 5*a(u) + f(u). Is g(-5) a prime number?
True
Let g = 30 - 32. Let j(a) = -171*a**3 + 2*a**2 - 3*a. Is j(g) prime?
False
Let u be 1 - (1 - 0/(-3)). Suppose 2*p + 1384 + 352 = u. Let a = 1587 + p. Is a a prime number?
True
Is (-7)/4 + -1646*(-45)/8 a prime number?
True
Let t be -2 - -2 - (3 + -6). Suppose -t + 8 = r. Suppose -3*i = -4*s - 62, 0 = -r*i + s - 22 + 148. Is i a composite number?
True
Let q be -1 + 6/2 - 14 - -3. Is (237/q)/((-2)/6) composite?
False
Let i = 3179 + -1076. Suppose -3*p = -b + 2*p + 409, -5*b - 4*p + i = 0. Is b prime?
True
Let g(s) = -13 + 15 + 14*s**2 - 16*s + 11. Is g(-8) prime?
False
Let h = -142 - -145. Suppose -h*i = -7*i + 8812. Is i a composite number?
False
Suppose 2*r + 3*r = 0. Let i = -4 - -3. Is r - (i + 36*-1) a prime number?
True
Suppose 0 = -2*p, -4*p - 168 = -4*z - 3*p. Suppose 42 = -f - z. Let l = 55 - f. Is l prime?
True
Is (-687)/(((-4)/10)/(2/5)) a composite number?
True
Suppose -13*j = -2*j + 14454. Let v = j + 1967. Is v a composite number?
False
Let v(d) = d + 187. Let k = 4 + 0. Suppose k*o = -o. Is v(o) a prime number?
False
Let c = -2764 - -7263. Is c a composite number?
True
Let w(v) = 0*v + 7 - 2 + 2*v**2 + 10*v. Suppose -3*b + f - 27 = 0, -5*b + 0*b = 5*f + 25. Is w(b) composite?
False
Is 419 - 412 - (-71*1399 - -1) prime?
False
Suppose 0 = 5*u - 0*u. Let s(x) = x**2 - x + 2. Let b be s(u). Suppose -t - b*z + 28 = -19, 0 = -5*t - 4*z + 253. Is t prime?
True
Let g be 8/20 - 36/(-10). Let v(k) = -311*k**3 - 4*k**2 - 9*k - 5. Let n be v(-1). Suppose -3*y + g*y = n. Is y prime?
True
Let s = 13 - 6. Let r = s + -4. Suppose 0 = -4*b - r*o + 1627, -5*b + 0*o = 3*o - 2036. Is b a prime number?
True
Suppose 2*l = 5*l + 2*s + 369, -4*s = -12. Let c = l - -192. Let p = 144 - c. Is p a prime number?
False
Suppose -19 = -3*h - 4*z, -4*h = -0*h + 2*z - 12. Suppose 2*r = 3 + h. Is r a prime number?
True
Let x = -128 + 2697. Is x prime?
False
Let s be 47/(-3) + (-2)/(-3). Let q(z) = 2*z**2 - 4*z + 17. Is q(s) composite?
True
Suppose -33*v = 7*v - 246520. Is v a prime number?
True
Suppose 2*s = 3*c + 31675, 161*s + 31651 = 163*s + 5*c. Is s a prime number?
False
Let j be (132/(-24))/(2/88). Let f = -103 - j. Is f a prime number?
True
Let c = 838 - 465. Suppose -2*i - 2*i = -112. Let r = i + c. Is r a prime number?
True
Suppose 30 = 33*u - 28*u. Is (-45)/30*(-1228)/u prime?
True
Suppose 2563 + 1162 = 5*g. Is g prime?
False
Let z = 0 - -3. Let n be 0/(z/6*-6). Suppose n*i + i - 83 = 0. Is i prime?
True
Suppose 0 = 5*h + 2*g - 80, -h + g + 1 + 8 = 0. Is (-508)/2*(-7)/h a composite number?
False
Let n(f) = 1370*f**3 + 3*f**2 + 3*f - 5. Is n(2) prime?
True
Let s = 753 - 104. Suppose s = j - 180. Is j a composite number?
False
Suppose 3*r = -40 + 313. Suppose -5*o + 0*o - c + 94 = 0, -5*o - 4*c + r = 0. Is o prime?
True
Suppose -3*g - 15 = 0, -2*g = -3*r + g + 39. Let k(f) = 35*f - 4. Let l be k(r). Suppose -2*c + 4*m = -l, 0 = c + c + 4*m - 292. Is c prime?
False
Let q be (24*5)/(38/247). Let g = q + -301. Is g composite?
False
Let i be (621/6)/((-2)/24). Let g = i - -1805. Is g a composite number?
False
Let n = 45 - 40. Suppose 0 = 3*j - n*w - 451 + 147, 0 = -3*j - w + 310. Is j composite?
False
Suppose 2*i - 1015 - 775 = 0. Suppose 2*m = -u + 4*m + 179, 3*m + i = 5*u. Is u composite?
False
Suppose 0 = -3*p + 20742 + 429. Is p a composite number?
False
Let p(n) = 6*n + 12. Let d be p(-1). Let w(j) = 1355*j + 5. Is w(d) composite?
True
Suppose f + 4*j = 11317, 11*f - j - 56669 = 6*f. Is f a prime number?
False
Let t be ((-2)/(-1))/((-12)/(-6)). Let c(i) = -8 + t + 30*i + 0*i - 4. Is c(9) a prime number?
False
Suppose 10*h + 12 = 14*h. Is 303 + 1 + h - 0 prime?
True
Let a(g) = 21*g**2 + g**3 - 17 + 50*g + 38 - 35*g. Is a(-17) composite?
True
Is -7 - (6/6 + -5215) a composite number?
True
Is (32 - 25) + 767*20 a composite number?
True
Suppose 2071 = -0*g - 3*g - b, 2*g + 1404 = 4*b. Let a = 1352 + 337. Let c = a + g. Is c a composite number?
False
Let v(n) = 6*n**3 + 12*n**2 - 7*n - 4. Let j(f) = 5*f**3 + f**2. Let h(w) = -j(w) + v(w). Let l be -2*(1 - (-6)/4). Is h(l) a prime number?
True
Let v be (57/6 - 0) + (-3)/6. Suppose -v*r - 1050 = -4623. Is r prime?
True
Let v(k) = 9*k - 2*k**3 + 0*k**3 + 7 - 4*k - 3*k**2 + 7*k**2. Let t be v(6). Let x = -124 - t. Is x a composite number?
False
Is 1741 + 0 - 2 - 0 a composite number?
True
Let g(s) = 1980*s - 113. Is g(4) composite?
True
Suppose q - 85 = 2*z, 3*q - 235 = 5*z + 5*q. Let y be (54/z)/((-2)/5). Su